*2 + 99*b - 12. Give t(-25).
13
Let g(p) = -33*p - 332. Determine g(-11).
31
Let j(z) = -z**3 + 13*z**2 - 43*z + 365. What is j(12)?
-7
Let d(b) = -2*b**3 + 12*b**2 - 13*b + 232. Give d(7).
43
Let m(h) = 32*h - 320. Determine m(3).
-224
Let s(t) = -3413*t + 37545. Determine s(11).
2
Let w(y) = y**3 + 39*y**2 - 522*y + 1403. Give w(-50).
3
Let k(q) = -q**3 - 4*q**2 + 587*q + 3447. Determine k(-6).
-3
Let g(j) = -18*j + 93. What is g(5)?
3
Let d(c) = -c**2 + 95*c - 374. Determine d(91).
-10
Let s(x) = 29*x**2 - 640*x + 36. Give s(22).
-8
Let r(p) = -124*p**3 - p**2 - 2*p - 2. Determine r(-1).
123
Let o(j) = -2*j**3 + 17*j**2 - 21*j + 5. Give o(10).
-505
Let o(k) = -2878*k + 89219. What is o(31)?
1
Let f(w) = 9*w**2 - 54*w - 24. What is f(6)?
-24
Let i(u) = u**3 + 93*u**2 - 187*u + 277. Calculate i(-95).
-8
Let x(m) = -2*m**2 + 27*m - 15. Give x(16).
-95
Let r(s) = -190*s + 3061. What is r(16)?
21
Let d(j) = -186*j + 2094. What is d(13)?
-324
Let a(r) = 9*r**2 - 104*r - 22. Determine a(9).
-229
Let v(h) = h**3 - 62*h**2 + 187*h - 684. Determine v(59).
-94
Let m(h) = h**2 - 36*h + 428. What is m(25)?
153
Let z(g) = g**3 + 2*g**2 - 13*g - 25. What is z(-5)?
-35
Let c(z) = -48*z - 4109. Determine c(-98).
595
Let m(g) = -5248*g + 5247. Calculate m(1).
-1
Let c(m) = 32*m**2 + 2342*m + 450. Determine c(-73).
12
Let w(z) = -67*z + 258. Give w(4).
-10
Let i(b) = 125*b - 481. Calculate i(4).
19
Let y(h) = -3*h**2 + 494*h - 5357. Calculate y(153).
-2
Let h(j) = 20*j**2 + 77*j - 6. Calculate h(-3).
-57
Let t(a) = a**3 + 55*a**2 - 17*a - 937. Determine t(-55).
-2
Let l(c) = c**2 - 26*c + 177. What is l(14)?
9
Let k(p) = -4*p**2 - 2068*p - 49206. Determine k(-492).
-6
Let t(a) = 58*a**2 + 1396*a + 79. What is t(-24)?
-17
Let n(i) = 2*i**2 - 77*i + 503. Determine n(30).
-7
Let c(r) = 17*r**3 + 240*r**2 + 15*r - 114. Give c(-14).
68
Let b(p) = 3*p**2 - 33*p + 21. What is b(10)?
-9
Let s(k) = -6*k**2 + 15*k + 32. Calculate s(4).
-4
Let v(h) = -20*h - 626. Give v(-17).
-286
Let u(m) = -2*m**3 + 532*m**2 + 2155*m - 29. What is u(-4)?
-9
Let u(w) = 21*w**3 + 15*w**2 + 9*w - 7. Determine u(-1).
-22
Let p(d) = 466*d + 3740. Calculate p(-8).
12
Let r(p) = 1910*p + 51566. Calculate r(-27).
-4
Let n(c) = -c**2 + 10*c + 35. What is n(-5)?
-40
Let n(i) = 3*i**3 - 10*i**2 + 26*i - 31. Calculate n(4).
105
Let c(t) = 4*t**3 - t**2 - 6*t + 3. Calculate c(6).
795
Let o(h) = -54*h**2 + 22*h - 1. Determine o(1).
-33
Let z(b) = -1918*b - 28779. What is z(-15)?
-9
Let i(g) = 1039*g - 102860. Determine i(99).
1
Let o(x) = -7*x**2 + 333*x - 186. Give o(47).
2
Let c(r) = 2*r**3 + 20*r**2 + 33*r + 137. What is c(-9)?
2
Let a(n) = -n**3 + 14*n**2 + 396*n + 1002. Determine a(-12).
-6
Let f(y) = 8*y + 100. Give f(-25).
-100
Let a(y) = 121*y - 4446. Determine a(37).
31
Let m(z) = 8914*z + 8907. What is m(-1)?
-7
Let m(v) = -31*v**2 - v + 82. Give m(0).
82
Let i(x) = -11*x**3 + x**2 + 5*x + 1. What is i(-3)?
292
Let z(v) = -3*v + 64. What is z(15)?
19
Let h(f) = 2*f**2 - 108*f - 7248. What is h(-39)?
6
Let i(c) = -118*c - 11173. Calculate i(-95).
37
Let m(u) = u**2 + 60*u - 363. Give m(6).
33
Let r(t) = 95*t**2 + 185*t - 4. Determine r(-2).
6
Let a(j) = 23*j**2 + 183*j + 157. What is a(-7)?
3
Let j(z) = -5*z**2 - 488*z - 7763. What is j(-20)?
-3
Let k(u) = -11*u + 398. Give k(46).
-108
Let k(c) = 2*c**3 - 11*c**2 + c + 16. What is k(5)?
-4
Let t(k) = -11*k + 114. Give t(10).
4
Let w(k) = -66*k + 1906. What is w(23)?
388
Let b(a) = a**3 - 93*a**2 + 183*a - 4. What is b(2)?
-2
Let x(y) = 372*y - 111233. What is x(299)?
-5
Let w(u) = -867*u**2 - 9*u + 5. Calculate w(1).
-871
Let d(o) = 8061*o + 24185. What is d(-3)?
2
Let x(d) = d**2 - 51*d - 12006. Determine x(138).
0
Let s(l) = 40*l**2 - 464*l - 196. What is s(12)?
-4
Let r(l) = -23*l**2 + 47*l + 5. Give r(2).
7
Let n(h) = -h**2 - 175*h - 7491. Give n(-100).
9
Let n(a) = -6*a**2 - 21*a + 79. Calculate n(6).
-263
Let g(d) = 26*d + 576. What is g(-20)?
56
Let c(l) = -l**3 + 9*l**2 - 5*l + 67. What is c(11)?
-230
Let a(j) = -j**3 - 10*j**2 - 16*j + 71. What is a(-9)?
134
Let i(a) = 4*a**2 + 35*a + 9. What is i(-8)?
-15
Let j(p) = -4*p**2 + 116*p - 209. Calculate j(27).
7
Let m(o) = 51*o**2 - 2300*o + 230. What is m(45)?
5
Let q(g) = -45*g + 164. Give q(6).
-106
Let a(m) = -1812*m - 57990. Determine a(-32).
-6
Let h(s) = -s**2 - 793*s + 2386. Determine h(3).
-2
Let t(g) = 8*g**2 + 69*g - 26. What is t(-9)?
1
Let t(d) = d**3 - 47*d - 16. What is t(-8)?
-152
Let n(v) = 26*v - 302. Calculate n(13).
36
Let h(k) = k**2 + 19*k + 30. Give h(-18).
12
Let i(k) = 12*k - 194. Calculate i(13).
-38
Let a(w) = w**2 - 259*w + 5. Give a(0).
5
Let c(v) = 8*v**2 + 2*v - 71. Determine c(-6).
205
Let s(q) = q**3 - 3*q**2 - 4*q - 5. Calculate s(-4).
-101
Let d(m) = -13*m**2 - 29*m - 3. What is d(-2)?
3
Let x(y) = -17*y + 358. Calculate x(21).
1
Let b(r) = 3*r**2 + 34*r - 16. What is b(-12)?
8
Let v(m) = 452*m + 3430. Determine v(-8).
-186
Let u(o) = -11*o**3 - 155*o**2 - 12*o + 2. Calculate u(-14).
-26
Let g(o) = 25*o**2 - 154*o + 6. What is g(6)?
-18
Let g(i) = 2*i**3 + 2*i**2 - 16*i - 12. Determine g(-4).
-44
Let s(q) = -3*q**2 + 97*q - 216. Calculate s(30).
-6
Let r(i) = -3*i**2 + 203*i + 3233. Determine r(81).
-7
Let p(v) = -v**2 + 55*v + 141. Give p(60).
-159
Let b(m) = -27*m**2 - 625*m - 613. What is b(-1)?
-15
Let c(u) = 7*u**2 + 76*u + 171. Give c(-8).
11
Let v(k) = 33*k + 98. What is v(-2)?
32
Let j(x) = 131*x + 418. Give j(-6).
-368
Let n(v) = v**3 - 4*v**2 + 213*v - 1071. Calculate n(5).
19
Let d(t) = 13*t**3 - 64*t**2 - t - 17. Give d(5).
3
Let s(x) = -7*x**2 - 47*x - 47. Calculate s(-5).
13
Let o(k) = 32*k - 308. Calculate o(10).
12
Let g(s) = -293*s**2 - 4099*s + 43. Determine g(-14).
1
Let v(x) = 22*x**2 + 74*x + 59. Give v(-2).
-1
Let q(d) = d**2 + 10*d - 18. What is q(-12)?
6
Let b(d) = -d**2 - 44*d - 35. What is b(-19)?
440
Let i(y) = 7*y**3 - 9*y**2 - 2*y - 4. What is i(2)?
12
Let y(s) = 2*s**3 + 38*s**2 - 7*s - 128. Give y(-19).
5
Let o(c) = -318*c + 2113. Determine o(7).
-113
Let o(z) = 10*z**3 + 61*z**2 - 11*z - 26. What is o(-6)?
76
Let c(x) = -x**3 + 25*x**2 + 18*x - 36. Calculate c(25).
414
Let s(d) = -8304*d - 24913. Calculate s(-3).
-1
Let z(p) = 53*p - 723. Calculate z(15).
72
Let c(d) = -d**3 - 9*d**2 - 8*d - 18. Give c(-4).
-66
Let b(q) = q**3 - 31*q**2 + 103*q + 14. Give b(26).
-688
Let f(h) = -h**3 - 6*h**2 + 7*h + 6. Give f(-4).
-54
Let f(x) = -5*x**2 - 38*x - 437. Calculate f(0).
-437
Let k(b) = -b**3 - 35*b**2 - 163*b - 1176. Calculate k(-31).
33
Let a(h) = h**3 + 144*h**2 - 65*h - 9370. What is a(-144)?
-10
Let m(z) = -2*z**3 + 15*z**2 + 121*z - 902. Calculate m(7).
-6
Let j(y) = y**3 + 25*y**2 - 440*y - 1578. Determine j(-36).
6
Let c(x) = -54*x - 287. What is c(-3)?
-125
Let o(i) = 4450*i - 13344. What is o(3)?
6
Let r(g) = -17*g + 13. Give r(1).
-4
Let w(t) = 317*t - 629. Give w(2).
5
Let n(k) = 7*k + 479. Determine n(33).
710
Let y(j) = 2*j**2 + 123*j - 179. Give y(-63).
10
Let m(q) = q**2 - 25*q + 18. Calculate m(5).
-82
Let j(s) = s**3 + 6*s**2 - 30*s - 29. Give j(-9).
-2
Let l(o) = 848*o - 8466. Give l(10).
14
Let v(s) = -52*s - 2821. What is v(-53)?
-65
Let c(a) = -9*a**2 - 551*a - 660. Calculate c(-60).
0
Let b(u) = -62*u - 6063. Give b(-98).
13
Let y(x) = x**3 - 9*x**2 - 734*x + 40. What is y(-23)?
-6
Let x(z) = 2*z**3 + 13*z**2 - 12*z - 109. What is x(-5)?
26
Let p(o) = o + 37. Determine p(-10).
27
Let l(x) = -x**2 + 75*x - 361. Give l(5).
-11
Let l(y) = -3710*y - 18526. Determine l(-5).
24
Let f(h) = 4*h**3 + 6*h**2 - h - 13. Determine f(-4).
-169
Let t(p) = -2*p**2 - 265*p + 4108. Determine t(14).
6
Let m(v) = 6*v**2 - 436*v + 290. What is m(72)?
2
Let l(y) = 2*y**2 + 106*y - 449. What is l(4)?
7
Let s(j) = -7*j**3 - 20*j**2 + 93*j + 29. Determine s(4).
-367
Let m(l) = l**3 - 8*l**2 - 1734*l + 530. Calculate m(-38).
-2
Let v(f) = -9*f**3 + 3*f**2 + 7*f - 9. Calculate v(3).
-204
Let t(x) = 1024*x - 1015. What is t(1)?
9
Let i(y) = -y**3 + 24*y**2 + 52*y + 141. Determine i(26).
141
Let t(x) = 4*x**2 - 35*x - 238. Determine t(-7).
203
Let r(y) = y**3 + 7*y**2 - 38*y - 206. Determine r(-5).
34
Let p(w) = -8*w**2 + 7*w - 1. Calculate p(6).
-247
Let g(z) = -95*z - 2275. Calculate g(-23).
-90
Let k(j) = 2*j**2 - 66*j -